t y(u) be the first derivative of u**5/120 + u**4/12 + 2*u**3/3 + 2. Let d(q) be the third derivative of y(q). Determine d(z).
1
Let q(l) = l + 12. Let d = -2 + 7. Suppose -d*y = -0*y + 5. Let p be y + -1 - 6/2. Determine q(p).
7
Let v(f) = -7*f - 1. Let q be (-1)/((-1 + 4)/3). Calculate v(q).
6
Let w(i) = -i**3 + 7*i**2 - 7*i + 2. Let v(u) = -u**3 - 7*u**2 - 8*u + 15. Let g be v(-5). Determine w(g).
17
Let b be (15/6)/(1/(-2)). Let r(d) be the third derivative of d**7/5040 + d**5/30 + 4*d**2. Let t(l) be the third derivative of r(l). What is t(b)?
-5
Let f = -28 - -19. Let z(w) = w**2 + 8*w - 4. Let h be z(f). Let m(u) = -u**3 + 6*u**2 - 5*u - 4. Let b be m(h). Let q(x) = -x + 2. What is q(b)?
6
Let j = 6 + 17. Suppose -j = -2*z - 3*v, v = 5*z - 3*v. Let r(t) = 0*t**2 + 2*t**3 - 4*t**2 + 5 - t**3. What is r(z)?
5
Let b(n) = n**2 - 7*n + 2. Let p be b(4). Let g(a) = -a - 6. Determine g(p).
4
Suppose -16 = -2*a + 4*y, -3*y - 2 = a - 0. Let p(o) = 4*o - 3. Let i(r) = -r. Let u(l) = a*i(l) - p(l). What is u(2)?
-13
Let n be 3*(2 - (-1 - -4)). Let g(q) = -4*q. Determine g(n).
12
Let p(m) = -m**2 - 5*m - 4. Let d(h) = h - 10. Let t be d(5). Calculate p(t).
-4
Let x be ((-36)/(-21))/(8/140). Suppose -h - 4*h + x = 0. Let m(k) = -6*k**2 - 5*k + 3*k - k**3 + 7 + 2*k**3. Give m(h).
-5
Let d be ((-6)/(-10) - -1)*-5. Let o = d - -5. Let k be 10/o*(-9)/6. Let y(r) = -r - 1. Determine y(k).
-6
Let m(p) = 3*p**3 + 6*p**2 + 2. Let v(c) = 2*c**3 + 5*c**2 + c + 1. Let l(w) = -3*m(w) + 4*v(w). Calculate l(3).
1
Let h be (-12 - -11)/(2/10). Let j(o) = -2*o + 5. Let f be j(4). Let k = f - h. Let w(i) = i**3 - i**2 - i + 2. What is w(k)?
4
Let x(o) be the first derivative of -5*o**4/12 - o**3/6 + o**2/2 + o - 1. Let f(i) be the first derivative of x(i). What is f(1)?
-5
Suppose 5*t = -3 - 12. Let b = t - -4. Let r(x) = 7*x**3 + x**2 - x + 1. What is r(b)?
8
Let x be ((-4)/6)/(14/(-63)). Let l(i) = -3*i**2 + 4*i. Calculate l(x).
-15
Suppose b - 1 = 1, -3*b = -2*u - 12. Let j(d) = -17*d - 13*d - 17*d + 49*d - 1. Determine j(u).
-7
Suppose -4*x = -5*l - 12, 5*l = -3*x + 5 + 4. Let i(r) be the third derivative of 1/6*r**4 + 1/60*r**5 - 1/3*r**3 + 0*r + 3*r**2 + l. What is i(-4)?
-2
Let t(u) = u**3 - 5*u**2 + 3*u + 3. Suppose -5 = -5*w + 5*b, 0*b - 21 = -5*w + b. Determine t(w).
18
Suppose -3*w - 5*x - 17 = 0, 2*x = -5*w - 2 - 1. Let r(f) = -4*f + 6. Let t(i) = -4*i + 7. Let q = 9 + -14. Let b(y) = q*t(y) + 6*r(y). What is b(w)?
-3
Let x(r) = -7*r + 7. Let a(u) = -6*u + 6. Let v(c) = 5*a(c) - 4*x(c). Give v(5).
-8
Let b be 15/1*(-8)/12. Let m(i) = -i**2 - 11*i - 1. What is m(b)?
9
Let m(g) = -g**3 - 4*g**2 + 4*g + 5. Let z(l) = -l**2 + 1. Let r(i) = -m(i) + 2*z(i). Let u = -14 + 10. Let s = u - -1. Calculate r(s).
0
Suppose -5*z + 4*z - 3*n = 5, 0 = 2*z + 2*n - 2. Suppose -3 = 4*w + 9, 5*f - 18 = -4*w. Let h(o) = 0 + o**2 + 4 - f*o + 0. Calculate h(z).
-4
Let o(i) = -3*i**2 + 2*i**2 - i**3 - 101 + 89. Give o(0).
-12
Let w(k) = -1 - k + 0*k - 1. Let x be w(3). Let n(b) = b + 5*b**2 + 1 + b**3 + 5*b**2 - 2*b**2 - 3*b**2. What is n(x)?
-4
Let i(f) = f**2 - 4*f + 7. Let u(r) = 4*r**3 + r**2 + r - 1. Let a be u(1). What is i(a)?
12
Let g = -84 - -505/6. Let t(q) be the third derivative of -2*q**2 + 0*q + 0 + 0*q**5 + 1/20*q**6 - g*q**3 + 0*q**4. Calculate t(-1).
-7
Let z be (-4)/16 - 2/(-8). Let l(k) = -1 + 2 + z*k + 4*k + 2. Let s = -6 - -4. What is l(s)?
-5
Let r = 5 - 1. Suppose -o + r = 3. Let x(g) be the second derivative of -7*g**5/20 + g**4/12 - g**3/6 + g**2/2 + 2*g. Determine x(o).
-6
Let b(r) = -r**2 + 6*r + 1. Let d = -14 + 35. Suppose 8 - 47 = -4*v - 5*f, 0 = 3*v + f - d. Determine b(v).
1
Let w(b) be the first derivative of b**4/4 + 5*b**3/3 - 7*b**2/2 - 5*b - 37. Calculate w(-6).
1
Let r(i) = -5*i + 9. Let v(x) = 2*x - 4. Let k(n) = 3*r(n) + 7*v(n). Suppose 7 = -3*g - 8. Determine k(g).
4
Let a(j) = -3*j + 1. Let c(m) = -m + 1. Let u(p) = -a(p) + 4*c(p). Calculate u(5).
-2
Suppose 4*p - 4*t - 12 = 0, 2*p - p + 3*t = 11. Let r = p + -3. Let b be ((-22)/(-4) + -3)*r. Let o(f) = f**3 - 6*f**2 + 5*f - 4. Give o(b).
-4
Let r(x) = 4*x**2. Let v be (0 - 1)*(-12 + 9). Suppose 1 = v*g - 2. Suppose k + 0 = -g. What is r(k)?
4
Suppose 6 + 0 = 3*y. Let s(a) = 0*a**2 + 1 - 4*a - 2*a**y + 6*a**3 - 5*a**3. Give s(3).
-2
Let h be 10*(68/20 + -1). Suppose 4*m - h = -3*c, -m - 10 = -3*c - 1. Let a(r) = -r**3 + 4*r**2 + r + 1. What is a(c)?
5
Let v(g) be the second derivative of -g**4/24 - 2*g**3/3 + 2*g**2 - 4*g. Let l(w) be the first derivative of v(w). Determine l(-4).
0
Let w = 2 + -4. Let g(c) = -2*c**3 - 4*c**2 - 2*c. Let x be g(w). Let i(r) = r**3 - 3*r**2 - 4*r - 3. Calculate i(x).
-3
Let m be 24/(-18)*6/(-4). Let i(n) = -m*n - 2*n + n**2 + 6*n + 2 + 0*n. Suppose 0*r - 2*r - 6 = 0. Give i(r).
5
Let s(t) = -t**3 - 3*t**2 + 4*t + 1. Let o be s(-4). Let b(d) = -5*d - 7*d + 6*d**2 + 10*d + d + 1. What is b(o)?
6
Let s(v) = v**2 + 4*v + 2. Let a(f) = -5*f**3 - f**2 - 5*f + 8. Let o(t) = t**3 - 1. Let y(z) = -a(z) - 6*o(z). Let n be y(3). Determine s(n).
7
Suppose -4*s + 3 = -4*u - 17, s - 8 = 4*u. Let y(j) = -2*j**3 - j**2. Calculate y(u).
1
Suppose -4*z = -3*u + 16, -12 = -4*u - 2*z + 2. Let d(p) = -5 - p**3 - u*p**2 + 7*p + 7 - 4. Calculate d(-5).
-12
Let d(k) = -k**3 + 6*k**2 + k + 3. Let l(t) = t**3 - 6*t**2 - 2. Let p(m) = 6*d(m) + 5*l(m). Let b = 4 + 3. Give p(b).
1
Let q(w) = -3 - 4 + 13 - 3*w - 7. Give q(2).
-7
Let s be 120/21 - 6/(-21). Suppose -s*p + 0*p = 36. Let c(w) = -w - 7. Give c(p).
-1
Let h(i) be the first derivative of -i**5/30 + i**4/6 - 3*i**2/2 + 2. Let j(t) be the second derivative of h(t). Calculate j(3).
-6
Let d(f) = -3*f. Let o = 35 - 39. Give d(o).
12
Let y(s) = 3*s - 16*s - 2 + 21*s. Give y(-2).
-18
Let f(w) be the third derivative of -w**5/60 + w**4/8 - w**3/3 - 10*w**2. What is f(4)?
-6
Let z be (4*1)/(-2) - -5. Let w(i) = -6*i - 3 + 6 + i + 3*i. Calculate w(z).
-3
Suppose 4*o = -2*p - p + 16, 0 = 4*o + 8. Let i = -14 - -20. Let v = i - p. Let m(z) = z**2 + z - 1. Give m(v).
1
Let f(v) = -2*v**2 + 4*v + 2. Let y(o) = -o**2 + 6*o - 4. Let x be y(4). Calculate f(x).
-14
Let n(w) = w**2 + 8*w - 6. Let d(v) = v**2 - 12*v + 11. Let o be d(10). Determine n(o).
3
Suppose s - 15 = 4*s. Let d(q) = 3*q**3 - 7*q**2 - 19*q - 3. Let u(m) = -m**3 + 4*m**2 + 9*m + 2. Let b(r) = 2*d(r) + 5*u(r). Calculate b(s).
-6
Let l(y) = -3*y + 2. Let z(j) = -3*j + 3. Let q(x) = 7*l(x) - 6*z(x). Let m = 6 - 9. What is q(m)?
5
Let w(k) = -3*k**3 + 7*k**2 - 13*k - 2. Let q(v) = v**3 - 3*v**2 + 6*v + 1. Let r(j) = -5*q(j) - 2*w(j). Determine r(-3).
-7
Suppose -3*f + 2 = -4*f. Let y(u) be the third derivative of -u**6/720 + u**5/60 - u**4/24 + u**2. Let w(s) be the second derivative of y(s). What is w(f)?
4
Let k = -13 + 11. Let y be k - -1*(-15)/(-3). Let r(l) = -l**3 + 2*l**2 + l. Calculate r(y).
-6
Let m(g) = g**3 - 3*g**2 + g + 2. Suppose 4*k = -0 + 4. Let l(s) = 2*s. Let x be l(k). What is m(x)?
0
Let h be 0/(-1) - (-27)/9. Let p(m) = m**2 - 2*m - 4. Calculate p(h).
-1
Let m(k) = 3*k - 4. Suppose 5*r = 2*r + 9. Determine m(r).
5
Let q(o) = -o**3 - 5*o**2 - o - 5. Let b be q(-5). Suppose 5*x + 3*t - 15 = b, -2*x + 5 = -4*t - 1. Suppose -x*f = 2 - 8. Let l(s) = s. Determine l(f).
2
Let g(b) = -11*b + 3. Let q(f) = 0 + 4 + 0 - 17*f + 1. Let n(c) = 8*g(c) - 5*q(c). Let v = -2 + 0. What is n(v)?
5
Let k(a) = a + 3*a**2 - 4 - 2*a**2 + 5 + a. Give k(-3).
4
Let w(g) = -g. Let v(a) = a**2 - 5*a + 2. Let x be v(5). Let r be (-2)/(-9) - x/9. Suppose -5*h + 3*s - 44 + 9 = r, 4*h + 11 = -s. Calculate w(h).
4
Let d(l) = l**3 - 2*l**2 + 3*l - 2. Let y(x) = -x**3 + 7*x**2 + 5*x - 33. Let r be y(7). What is d(r)?
4
Suppose -8 = -3*b + 7. Let z(w) = w + 0*w - 3 + b. Determine z(4).
6
Let w(c) = c + 6. Let f be w(-4). Let y(p) be the third derivative of -f*p**2 + 0*p + 1/6*p**3 + 1/8*p**4 + 0. Determine y(1).
4
Let t(k) = -22 + k + k**2 + 39 - 9. Determine t(0).
8
Let r(s) = 2*s. Suppose 2*x + 6 = d, 4*d - 3*d - 8 = 3*x. Let n = d - 1. What is r(n)?
2
Suppose -3*o + 3 = s - 9, 3*o - 3 = 2*s. Let f = o + -1. Let z(m) = -1 - 3*m**f - 7*m + 2*m**2 + 0*m - 2. Calculate z(-5).
7
Let f(s) = 2*s**2 - 3*s + 1. Let l = -7 - -9. What is f(l)?
3
Suppose -2*f + 3*p = -0 - 9, f - 2*p - 6 = 0. Let z(